at is the thousands digit of 194637?
4
What is the ten thousands digit of 18786229?
8
What is the millions digit of 31505739?
1
What is the hundreds digit of 9101728?
7
What is the ten thousands digit of 31598?
3
What is the tens digit of 450071?
7
What is the hundreds digit of 216220?
2
What is the units digit of 17052?
2
What is the ten thousands digit of 525487?
2
What is the hundreds digit of 3996473?
4
What is the units digit of 7357418?
8
What is the ten thousands digit of 428883?
2
What is the tens digit of 845794?
9
What is the hundred thousands digit of 152718?
1
What is the ten thousands digit of 103464?
0
What is the tens digit of 336291?
9
What is the units digit of 6165903?
3
What is the hundreds digit of 8832696?
6
What is the millions digit of 3601573?
3
What is the hundreds digit of 2502621?
6
What is the units digit of 153933?
3
What is the tens digit of 229231?
3
What is the thousands digit of 360469?
0
What is the ten thousands digit of 689050?
8
What is the millions digit of 2689419?
2
What is the thousands digit of 1581563?
1
What is the ten thousands digit of 24190714?
9
What is the hundred thousands digit of 977474?
9
What is the thousands digit of 12161883?
1
What is the units digit of 449352?
2
What is the hundreds digit of 22664379?
3
What is the thousands digit of 947814?
7
What is the ten thousands digit of 4041866?
4
What is the hundreds digit of 257933?
9
What is the hundreds digit of 13557?
5
What is the hundred thousands digit of 12296429?
2
What is the tens digit of 26937?
3
What is the hundred thousands digit of 5596478?
5
What is the thousands digit of 1263375?
3
What is the thousands digit of 192803?
2
What is the units digit of 2086706?
6
What is the hundreds digit of 106938?
9
What is the units digit of 6408885?
5
What is the millions digit of 5271951?
5
What is the hundred thousands digit of 199512?
1
What is the tens digit of 8881973?
7
What is the hundreds digit of 60865?
8
What is the units digit of 285204?
4
What is the tens digit of 16681448?
4
What is the tens digit of 358936?
3
What is the units digit of 214060?
0
What is the ten thousands digit of 36254125?
5
What is the hundreds digit of 4781304?
3
What is the units digit of 543800?
0
What is the units digit of 5817603?
3
What is the ten thousands digit of 1746725?
4
What is the hundreds digit of 19605?
6
What is the ten thousands digit of 38436?
3
What is the thousands digit of 11067?
1
What is the millions digit of 10818848?
0
What is the ten thousands digit of 510259?
1
What is the millions digit of 1425618?
1
What is the tens digit of 1019544?
4
What is the units digit of 3995782?
2
What is the units digit of 36299?
9
What is the tens digit of 158850?
5
What is the units digit of 5167317?
7
What is the hundred thousands digit of 603533?
6
What is the millions digit of 17659850?
7
What is the hundred thousands digit of 657218?
6
What is the tens digit of 1188598?
9
What is the hundred thousands digit of 206336?
2
What is the hundred thousands digit of 852250?
8
What is the ten thousands digit of 22353?
2
What is the hundred thousands digit of 390072?
3
What is the units digit of 12719728?
8
What is the ten thousands digit of 891921?
9
What is the ten thousands digit of 301965?
0
What is the hundred thousands digit of 2253510?
2
What is the millions digit of 6157911?
6
What is the ten thousands digit of 1903064?
0
What is the thousands digit of 4710362?
0
What is the tens digit of 4017453?
5
What is the ten thousands digit of 523248?
2
What is the units digit of 26745624?
4
What is the millions digit of 2587414?
2
What is the hundreds digit of 1821820?
8
What is the units digit of 215029?
9
What is the ten thousands digit of 4772044?
7
What is the hundreds digit of 779136?
1
What is the ten millions digit of 18642931?
1
What is the units digit of 185853?
3
What is the hundreds digit of 1690749?
7
What is the units digit of 4484276?
6
What is the tens digit of 876069?
6
What is the millions digit of 9400357?
9
What is the tens digit of 432813?
1
What is the units digit of 3686443?
3
What is the hundred thousands digit of 505746?
5
What is the ten thousands digit of 632507?
3
What is the thousands digit of 5843868?
3
What is the hundred thousands digit of 1635532?
6
What is the hundred thousands digit of 992732?
9
What is the units digit of 11062653?
3
What is the hundred thousands digit of 277120?
2
What is the tens digit of 129644?
4
What is the units digit of 3286684?
4
What is the hundreds digit of 280397?
3
What is the hundreds digit of 13622806?
8
What is the thousands digit of 1518801?
8
What is the hundreds digit of 175512?
5
What is the units digit of 1044434?
4
What is the hundred thousands digit of 21796581?
7
What is the tens digit of 68290?
9
What is the ten millions digit of 10604897?
1
What is the ten thousands digit of 8025719?
2
What is the tens digit of 801814?
1
What is the tens digit of 478994?
9
What is the tens digit of 3312447?
4
What is the ten thousands digit of 7011092?
1
What is the units digit of 325695?
5
What is the ten thousands digit of 2509989?
0
What is the units digit of 37852083?
3
What is the hundred thousands digit of 3550239?
5
What is the thousands digit of 5583371?
3
What is the hundred thousands digit of 7567452?
5
What is the hundreds digit of 1449134?
1
What is the units digit of 10328799?
9
What is the ten thousands digit of 6457477?
5
What is the hundred thousands digit of 3106460?
1
What is the tens digit of 5737726?
2
What is the hundreds digit of 652165?
1
What is the thousands digit of 627205?
7
What is the hundred thousands digit of 796564?
7
What is the hundreds digit of 640335?
3
What is the hundreds digit of 15782677?
6
What is the hundreds digit of 16453956?
9
What is the tens digit of 138241?
4
What is the hundred thousands digit of 1885310?
8
What is the thousands digit of 4881782?
1
What is the units digit of 752225?
5
What is the ten thousands digit of 416172?
1
What is the thousands digit of 2755836?
5
What is the hundred thousands digit of 6119409?
1
What is the tens digit of 7131868?
6
What is the ten thousands digit of 1212835?
1
What is the ten thousands digit of 39667600?
6
What is the hundreds digit of 618471?
4
What is the hundred thousands digit of 186221?
1
What is the thousands digit of 363728?
3
What is the hundred thousands digit of 299542?
2
What is the hundred thousands digit of 2403868?
4
What is the thousands digit of 6372726?
2
What is the thousands digit of 491690?
1
What is the ten thousands digit of 8478653?
7
What is the hundred thousands digit of 922741?
9
What is the ten thousands digit of 3206399?
0
What is the millions digit of 3136479?
3
What is the units digit of 1286900?
0
What is the hundreds digit of 404942?
9
What is the millions digit of 7935213?
7
What is the tens digit of 913210?
1
What is the ten thousands digit of 15571931?
7
What is the hundreds digit of 510069?
0
What is the ten thousands digit of 264141?
6
What is the units digit of 92993?
3
What is the hundreds digit of 525086?
0
What is the thousands digit of 4735052?
5
What is the thousands digit of 135667?
5
What is the ten thousands digit of 216333?
1
What is the thousands digit of 504783?
4
What is the hundreds digit of 4762857?
8
What is the ten thousands digit of 21081710?
8
What is the hundred thousands digit of 460953?
4
What is the tens digit of 971936?
3
What is the units digit of 2962801?
1
What is the ten millions digit of 12484357?
1
What is the thousands digit of 11819425?
9
What is the millions digit of 2746252?
2
What is the units digit of 6282654?
4
What is the hundreds digit of 1286698?
6
What is the hundreds digit of 1139362?
3
What is the ten thousands digit of 7462382?
6
What is the hundreds digit of 173595?
5
What is the units digit of 167720?
0
What is the units digit of 10145590?
0
What is the ten thousands digit of 379424?
7
What is the hundred thousands digit of 933455?
9
What is the hundred thousands digit of 1060789?
0
What is the tens digit of 119292?
9
What is the ten thousands digit of 2023085?
2
What is the hundred thousands digit of 2364228?
3
What is the hundreds digit of 149227?
2
What is the thousands digit of 8806640?
6
What is the thousands digit of 14084